{"version":"1.0","provider_name":"Las rutas de Carlos y Conchita","provider_url":"https:\/\/www.carlosyconchita.net\/rutas","author_name":"Carlos Conchita","author_url":"https:\/\/www.carlosyconchita.net\/rutas\/author\/carlos-conchita\/","title":"01-07-2022-Estany del Diable -","type":"rich","width":600,"height":338,"html":"<blockquote class=\"wp-embedded-content\" data-secret=\"tQ64ETRshv\"><a href=\"https:\/\/www.carlosyconchita.net\/rutas\/01-07-2022-estany-del-diable\/\">01-07-2022-Estany del Diable<\/a><\/blockquote><iframe sandbox=\"allow-scripts\" security=\"restricted\" src=\"https:\/\/www.carlosyconchita.net\/rutas\/01-07-2022-estany-del-diable\/embed\/#?secret=tQ64ETRshv\" width=\"600\" height=\"338\" title=\"\u00ab01-07-2022-Estany del Diable\u00bb \u2014 Las rutas de Carlos y Conchita\" data-secret=\"tQ64ETRshv\" frameborder=\"0\" marginwidth=\"0\" marginheight=\"0\" scrolling=\"no\" class=\"wp-embedded-content\"><\/iframe><script type=\"text\/javascript\">\n\/* <![CDATA[ *\/\n\/*! This file is auto-generated *\/\n!function(d,l){\"use strict\";l.querySelector&&d.addEventListener&&\"undefined\"!=typeof URL&&(d.wp=d.wp||{},d.wp.receiveEmbedMessage||(d.wp.receiveEmbedMessage=function(e){var t=e.data;if((t||t.secret||t.message||t.value)&&!\/[^a-zA-Z0-9]\/.test(t.secret)){for(var s,r,n,a=l.querySelectorAll('iframe[data-secret=\"'+t.secret+'\"]'),o=l.querySelectorAll('blockquote[data-secret=\"'+t.secret+'\"]'),c=new RegExp(\"^https?:$\",\"i\"),i=0;i<o.length;i++)o[i].style.display=\"none\";for(i=0;i<a.length;i++)s=a[i],e.source===s.contentWindow&&(s.removeAttribute(\"style\"),\"height\"===t.message?(1e3<(r=parseInt(t.value,10))?r=1e3:~~r<200&&(r=200),s.height=r):\"link\"===t.message&&(r=new URL(s.getAttribute(\"src\")),n=new URL(t.value),c.test(n.protocol))&&n.host===r.host&&l.activeElement===s&&(d.top.location.href=t.value))}},d.addEventListener(\"message\",d.wp.receiveEmbedMessage,!1),l.addEventListener(\"DOMContentLoaded\",function(){for(var e,t,s=l.querySelectorAll(\"iframe.wp-embedded-content\"),r=0;r<s.length;r++)(t=(e=s[r]).getAttribute(\"data-secret\"))||(t=Math.random().toString(36).substring(2,12),e.src+=\"#?secret=\"+t,e.setAttribute(\"data-secret\",t)),e.contentWindow.postMessage({message:\"ready\",secret:t},\"*\")},!1)))}(window,document);\n\/\/# sourceURL=https:\/\/www.carlosyconchita.net\/rutas\/wp-includes\/js\/wp-embed.min.js\n\/* ]]> *\/\n<\/script>\n","thumbnail_url":"https:\/\/www.carlosyconchita.net\/rutas\/wp-content\/uploads\/2022\/08\/Diable-00052.jpg","thumbnail_width":1024,"thumbnail_height":576,"description":"Hoy volvemos al Estany del Diable, en donde hab\u00edamos estado el d\u00eda\u00a0 22-06-2014 \u2013 Estany del Diable,\u00a0 ya que fu\u00e9 una excursi\u00f3n que nos gust\u00f3 mucho, tanto por el recorrido como por el lago, pero en aquella fecha, el d\u00eda estuvo algo nublado, especialmente cuando llegamos al lago y quer\u00edamos verlo con sol, ya que el paisaje cambia bastante."}

Hoy volvemos al Estany del Diable, en donde habíamos estado el día  22-06-2014 – Estany del Diable,  ya que fué una excursión que nos gustó mucho, tanto por el recorrido como por el lago, pero en aquella fecha, el día estuvo algo nublado, especialmente cuando llegamos al lago y queríamos verlo con sol, ya que el paisaje cambia bastante.
