{"version":"1.0","provider_name":"Las rutas de Carlos y Conchita","provider_url":"https:\/\/www.carlosyconchita.net\/rutas","author_name":"Carlos Conchita","author_url":"https:\/\/www.carlosyconchita.net\/rutas\/author\/carlos-conchita\/","title":"02-04-2024-Girolata por Ruta del cartero -","type":"rich","width":600,"height":338,"html":"<blockquote class=\"wp-embedded-content\" data-secret=\"Yzlpjy71sf\"><a href=\"https:\/\/www.carlosyconchita.net\/rutas\/02-04-2024-girolata-por-ruta-del-cartero\/\">02-04-2024-Girolata por Ruta del cartero<\/a><\/blockquote><iframe sandbox=\"allow-scripts\" security=\"restricted\" src=\"https:\/\/www.carlosyconchita.net\/rutas\/02-04-2024-girolata-por-ruta-del-cartero\/embed\/#?secret=Yzlpjy71sf\" width=\"600\" height=\"338\" title=\"\u00ab02-04-2024-Girolata por Ruta del cartero\u00bb \u2014 Las rutas de Carlos y Conchita\" data-secret=\"Yzlpjy71sf\" frameborder=\"0\" marginwidth=\"0\" marginheight=\"0\" scrolling=\"no\" class=\"wp-embedded-content\"><\/iframe><script type=\"text\/javascript\">\n\/* <![CDATA[ *\/\n\/*! This file is auto-generated *\/\n!function(d,l){\"use strict\";l.querySelector&&d.addEventListener&&\"undefined\"!=typeof URL&&(d.wp=d.wp||{},d.wp.receiveEmbedMessage||(d.wp.receiveEmbedMessage=function(e){var t=e.data;if((t||t.secret||t.message||t.value)&&!\/[^a-zA-Z0-9]\/.test(t.secret)){for(var s,r,n,a=l.querySelectorAll('iframe[data-secret=\"'+t.secret+'\"]'),o=l.querySelectorAll('blockquote[data-secret=\"'+t.secret+'\"]'),c=new RegExp(\"^https?:$\",\"i\"),i=0;i<o.length;i++)o[i].style.display=\"none\";for(i=0;i<a.length;i++)s=a[i],e.source===s.contentWindow&&(s.removeAttribute(\"style\"),\"height\"===t.message?(1e3<(r=parseInt(t.value,10))?r=1e3:~~r<200&&(r=200),s.height=r):\"link\"===t.message&&(r=new URL(s.getAttribute(\"src\")),n=new URL(t.value),c.test(n.protocol))&&n.host===r.host&&l.activeElement===s&&(d.top.location.href=t.value))}},d.addEventListener(\"message\",d.wp.receiveEmbedMessage,!1),l.addEventListener(\"DOMContentLoaded\",function(){for(var e,t,s=l.querySelectorAll(\"iframe.wp-embedded-content\"),r=0;r<s.length;r++)(t=(e=s[r]).getAttribute(\"data-secret\"))||(t=Math.random().toString(36).substring(2,12),e.src+=\"#?secret=\"+t,e.setAttribute(\"data-secret\",t)),e.contentWindow.postMessage({message:\"ready\",secret:t},\"*\")},!1)))}(window,document);\n\/\/# sourceURL=https:\/\/www.carlosyconchita.net\/rutas\/wp-includes\/js\/wp-embed.min.js\n\/* ]]> *\/\n<\/script>\n","thumbnail_url":"https:\/\/www.carlosyconchita.net\/rutas\/wp-content\/uploads\/2024\/04\/Corcega-02-00078b.jpg","thumbnail_width":1100,"thumbnail_height":550,"description":"Despu\u00e9s del recorrido en coche desde Cort\u00e9 hasta la zona de Ota, nos dirigimos directamente al inicio de la excursi\u00f3n de hoy, para seguir el llamado \u00abSendero del cartero\u00bb. Para ello vamos con el coche hasta el\u00a0 \u00abCol de la Croix\u00bb o \u00abBocca a Croce\u00bb, en la carretera D81 cerca de Porto y all\u00ed podemos [&hellip;]"}

Después del recorrido en coche desde Corté hasta la zona de Ota, nos dirigimos directamente al inicio de la excursión de hoy, para seguir el llamado «Sendero del cartero». Para ello vamos con el coche hasta el  «Col de la Croix» o «Bocca a Croce», en la carretera D81 cerca de Porto y allí podemos [&hellip;]
