{"version":"1.0","provider_name":"Las rutas de Carlos y Conchita","provider_url":"https:\/\/www.carlosyconchita.net\/rutas","author_name":"Carlos Conchita","author_url":"https:\/\/www.carlosyconchita.net\/rutas\/author\/carlos-conchita\/","title":"02-09-2017-Pic de Costa Cabirolera -","type":"rich","width":600,"height":338,"html":"<blockquote class=\"wp-embedded-content\" data-secret=\"aEDxwFR78Q\"><a href=\"https:\/\/www.carlosyconchita.net\/rutas\/02-09-2017-pic-costa-cabirolera\/\">02-09-2017-Pic de Costa Cabirolera<\/a><\/blockquote><iframe sandbox=\"allow-scripts\" security=\"restricted\" src=\"https:\/\/www.carlosyconchita.net\/rutas\/02-09-2017-pic-costa-cabirolera\/embed\/#?secret=aEDxwFR78Q\" width=\"600\" height=\"338\" title=\"\u00ab02-09-2017-Pic de Costa Cabirolera\u00bb \u2014 Las rutas de Carlos y Conchita\" data-secret=\"aEDxwFR78Q\" frameborder=\"0\" marginwidth=\"0\" marginheight=\"0\" scrolling=\"no\" class=\"wp-embedded-content\"><\/iframe><script type=\"text\/javascript\">\n\/* <![CDATA[ *\/\n\/*! This file is auto-generated *\/\n!function(d,l){\"use strict\";l.querySelector&&d.addEventListener&&\"undefined\"!=typeof URL&&(d.wp=d.wp||{},d.wp.receiveEmbedMessage||(d.wp.receiveEmbedMessage=function(e){var t=e.data;if((t||t.secret||t.message||t.value)&&!\/[^a-zA-Z0-9]\/.test(t.secret)){for(var s,r,n,a=l.querySelectorAll('iframe[data-secret=\"'+t.secret+'\"]'),o=l.querySelectorAll('blockquote[data-secret=\"'+t.secret+'\"]'),c=new RegExp(\"^https?:$\",\"i\"),i=0;i<o.length;i++)o[i].style.display=\"none\";for(i=0;i<a.length;i++)s=a[i],e.source===s.contentWindow&&(s.removeAttribute(\"style\"),\"height\"===t.message?(1e3<(r=parseInt(t.value,10))?r=1e3:~~r<200&&(r=200),s.height=r):\"link\"===t.message&&(r=new URL(s.getAttribute(\"src\")),n=new URL(t.value),c.test(n.protocol))&&n.host===r.host&&l.activeElement===s&&(d.top.location.href=t.value))}},d.addEventListener(\"message\",d.wp.receiveEmbedMessage,!1),l.addEventListener(\"DOMContentLoaded\",function(){for(var e,t,s=l.querySelectorAll(\"iframe.wp-embedded-content\"),r=0;r<s.length;r++)(t=(e=s[r]).getAttribute(\"data-secret\"))||(t=Math.random().toString(36).substring(2,12),e.src+=\"#?secret=\"+t,e.setAttribute(\"data-secret\",t)),e.contentWindow.postMessage({message:\"ready\",secret:t},\"*\")},!1)))}(window,document);\n\/\/# sourceURL=https:\/\/www.carlosyconchita.net\/rutas\/wp-includes\/js\/wp-embed.min.js\n\/* ]]> *\/\n<\/script>\n","thumbnail_url":"https:\/\/www.carlosyconchita.net\/rutas\/wp-content\/uploads\/2017\/09\/DSC01141A.jpg","thumbnail_width":902,"thumbnail_height":676,"description":"Para llegar al Pic de Costa Cabirolera\u00a0(el m\u00e1s alto de la provincia de Barcelona),\u00a0 nos dirigimos a Saldes y desde all\u00ed seguimos la pista en direcci\u00f3n al Pedraforca, pasamos de largo la zona de parking usada para subir a esta cima, y continuamos unos kilometros m\u00e1s hasta llegar a la zona conocida como Les Bassotes, [&hellip;]"}

Para llegar al Pic de Costa Cabirolera (el más alto de la provincia de Barcelona),  nos dirigimos a Saldes y desde allí seguimos la pista en dirección al Pedraforca, pasamos de largo la zona de parking usada para subir a esta cima, y continuamos unos kilometros más hasta llegar a la zona conocida como Les Bassotes, [&hellip;]
