{"version":"1.0","provider_name":"Las rutas de Carlos y Conchita","provider_url":"https:\/\/www.carlosyconchita.net\/rutas","author_name":"Carlos Conchita","author_url":"https:\/\/www.carlosyconchita.net\/rutas\/author\/carlos-conchita\/","title":"05-01-2014 - Primera esquiada 2014 -","type":"rich","width":600,"height":338,"html":"<blockquote class=\"wp-embedded-content\" data-secret=\"tjp4zUGMwh\"><a href=\"https:\/\/www.carlosyconchita.net\/rutas\/05-01-2014-primera-esquiada-2014\/\">05-01-2014 &#8211; Primera esquiada 2014<\/a><\/blockquote><iframe sandbox=\"allow-scripts\" security=\"restricted\" src=\"https:\/\/www.carlosyconchita.net\/rutas\/05-01-2014-primera-esquiada-2014\/embed\/#?secret=tjp4zUGMwh\" width=\"600\" height=\"338\" title=\"\u00ab05-01-2014 &#8211; Primera esquiada 2014\u00bb \u2014 Las rutas de Carlos y Conchita\" data-secret=\"tjp4zUGMwh\" frameborder=\"0\" marginwidth=\"0\" marginheight=\"0\" scrolling=\"no\" class=\"wp-embedded-content\"><\/iframe><script type=\"text\/javascript\">\n\/* <![CDATA[ *\/\n\/*! This file is auto-generated *\/\n!function(d,l){\"use strict\";l.querySelector&&d.addEventListener&&\"undefined\"!=typeof URL&&(d.wp=d.wp||{},d.wp.receiveEmbedMessage||(d.wp.receiveEmbedMessage=function(e){var t=e.data;if((t||t.secret||t.message||t.value)&&!\/[^a-zA-Z0-9]\/.test(t.secret)){for(var s,r,n,a=l.querySelectorAll('iframe[data-secret=\"'+t.secret+'\"]'),o=l.querySelectorAll('blockquote[data-secret=\"'+t.secret+'\"]'),c=new RegExp(\"^https?:$\",\"i\"),i=0;i<o.length;i++)o[i].style.display=\"none\";for(i=0;i<a.length;i++)s=a[i],e.source===s.contentWindow&&(s.removeAttribute(\"style\"),\"height\"===t.message?(1e3<(r=parseInt(t.value,10))?r=1e3:~~r<200&&(r=200),s.height=r):\"link\"===t.message&&(r=new URL(s.getAttribute(\"src\")),n=new URL(t.value),c.test(n.protocol))&&n.host===r.host&&l.activeElement===s&&(d.top.location.href=t.value))}},d.addEventListener(\"message\",d.wp.receiveEmbedMessage,!1),l.addEventListener(\"DOMContentLoaded\",function(){for(var e,t,s=l.querySelectorAll(\"iframe.wp-embedded-content\"),r=0;r<s.length;r++)(t=(e=s[r]).getAttribute(\"data-secret\"))||(t=Math.random().toString(36).substring(2,12),e.src+=\"#?secret=\"+t,e.setAttribute(\"data-secret\",t)),e.contentWindow.postMessage({message:\"ready\",secret:t},\"*\")},!1)))}(window,document);\n\/\/# sourceURL=https:\/\/www.carlosyconchita.net\/rutas\/wp-includes\/js\/wp-embed.min.js\n\/* ]]> *\/\n<\/script>\n","thumbnail_url":"https:\/\/www.carlosyconchita.net\/rutas\/wp-content\/uploads\/2014\/01\/P1054074-scaled.jpg","thumbnail_width":2560,"thumbnail_height":1920,"description":"Al igual que en a\u00f1os anteriores, iniciamos la temporada de ski ,y \u00a0tambi\u00e9n al igual que los otros a\u00f1os, en esas fechas, la estaci\u00f3n de Les Angles est\u00e1 practicamente vac\u00eda. A \u00faltima hora se nubl\u00f3 bastante, y empez\u00f3 a correr algo de viento, lo que hizo que la temperatura apreciable fuera muy baja. Hab\u00eda mucha [&hellip;]"}

Al igual que en años anteriores, iniciamos la temporada de ski ,y  también al igual que los otros años, en esas fechas, la estación de Les Angles está practicamente vacía. A última hora se nubló bastante, y empezó a correr algo de viento, lo que hizo que la temperatura apreciable fuera muy baja. Había mucha [&hellip;]
