{"version":"1.0","provider_name":"Las rutas de Carlos y Conchita","provider_url":"https:\/\/www.carlosyconchita.net\/rutas","author_name":"Carlos Conchita","author_url":"https:\/\/www.carlosyconchita.net\/rutas\/author\/carlos-conchita\/","title":"11-05-2019-Pla de la Calme (refugios) -","type":"rich","width":600,"height":338,"html":"<blockquote class=\"wp-embedded-content\" data-secret=\"kXjKa4Apcz\"><a href=\"https:\/\/www.carlosyconchita.net\/rutas\/11-05-2019-pla-de-la-calme-refugios\/\">11-05-2019-Pla de la Calme (refugios)<\/a><\/blockquote><iframe sandbox=\"allow-scripts\" security=\"restricted\" src=\"https:\/\/www.carlosyconchita.net\/rutas\/11-05-2019-pla-de-la-calme-refugios\/embed\/#?secret=kXjKa4Apcz\" width=\"600\" height=\"338\" title=\"\u00ab11-05-2019-Pla de la Calme (refugios)\u00bb \u2014 Las rutas de Carlos y Conchita\" data-secret=\"kXjKa4Apcz\" frameborder=\"0\" marginwidth=\"0\" marginheight=\"0\" scrolling=\"no\" class=\"wp-embedded-content\"><\/iframe><script type=\"text\/javascript\">\n\/* <![CDATA[ *\/\n\/*! This file is auto-generated *\/\n!function(d,l){\"use strict\";l.querySelector&&d.addEventListener&&\"undefined\"!=typeof URL&&(d.wp=d.wp||{},d.wp.receiveEmbedMessage||(d.wp.receiveEmbedMessage=function(e){var t=e.data;if((t||t.secret||t.message||t.value)&&!\/[^a-zA-Z0-9]\/.test(t.secret)){for(var s,r,n,a=l.querySelectorAll('iframe[data-secret=\"'+t.secret+'\"]'),o=l.querySelectorAll('blockquote[data-secret=\"'+t.secret+'\"]'),c=new RegExp(\"^https?:$\",\"i\"),i=0;i<o.length;i++)o[i].style.display=\"none\";for(i=0;i<a.length;i++)s=a[i],e.source===s.contentWindow&&(s.removeAttribute(\"style\"),\"height\"===t.message?(1e3<(r=parseInt(t.value,10))?r=1e3:~~r<200&&(r=200),s.height=r):\"link\"===t.message&&(r=new URL(s.getAttribute(\"src\")),n=new URL(t.value),c.test(n.protocol))&&n.host===r.host&&l.activeElement===s&&(d.top.location.href=t.value))}},d.addEventListener(\"message\",d.wp.receiveEmbedMessage,!1),l.addEventListener(\"DOMContentLoaded\",function(){for(var e,t,s=l.querySelectorAll(\"iframe.wp-embedded-content\"),r=0;r<s.length;r++)(t=(e=s[r]).getAttribute(\"data-secret\"))||(t=Math.random().toString(36).substring(2,12),e.src+=\"#?secret=\"+t,e.setAttribute(\"data-secret\",t)),e.contentWindow.postMessage({message:\"ready\",secret:t},\"*\")},!1)))}(window,document);\n\/\/# sourceURL=https:\/\/www.carlosyconchita.net\/rutas\/wp-includes\/js\/wp-embed.min.js\n\/* ]]> *\/\n<\/script>\n","thumbnail_url":"https:\/\/www.carlosyconchita.net\/rutas\/wp-content\/uploads\/2019\/05\/LaCalme-0018a.jpg","thumbnail_width":1024,"thumbnail_height":576,"description":"Dado que hoy el d\u00eda est\u00e1 algo nublado, y para comprobar si se me hab\u00eda pasado el agotamiento de ayer que me impidi\u00f3 subir al Taga, hacemos una f\u00e1cil caminata por la zona de la Calma sin destino concreto, aunque al final nos dirigimos a los dos refugios que hay , el de Llobins y [&hellip;]"}

Dado que hoy el día está algo nublado, y para comprobar si se me había pasado el agotamiento de ayer que me impidió subir al Taga, hacemos una fácil caminata por la zona de la Calma sin destino concreto, aunque al final nos dirigimos a los dos refugios que hay , el de Llobins y [&hellip;]
