{"version":"1.0","provider_name":"Las rutas de Carlos y Conchita","provider_url":"https:\/\/www.carlosyconchita.net\/rutas","author_name":"Carlos Conchita","author_url":"https:\/\/www.carlosyconchita.net\/rutas\/author\/carlos-conchita\/","title":"28-02-2023-Mallorca : p\u00e1gina principal -","type":"rich","width":600,"height":338,"html":"<blockquote class=\"wp-embedded-content\" data-secret=\"Fgx5Oqw0VV\"><a href=\"https:\/\/www.carlosyconchita.net\/rutas\/28-02-2023-mallorca-pagina-principal\/\">28-02-2023-Mallorca : p\u00e1gina principal<\/a><\/blockquote><iframe sandbox=\"allow-scripts\" security=\"restricted\" src=\"https:\/\/www.carlosyconchita.net\/rutas\/28-02-2023-mallorca-pagina-principal\/embed\/#?secret=Fgx5Oqw0VV\" width=\"600\" height=\"338\" title=\"\u00ab28-02-2023-Mallorca : p\u00e1gina principal\u00bb \u2014 Las rutas de Carlos y Conchita\" data-secret=\"Fgx5Oqw0VV\" frameborder=\"0\" marginwidth=\"0\" marginheight=\"0\" scrolling=\"no\" class=\"wp-embedded-content\"><\/iframe><script type=\"text\/javascript\">\n\/* <![CDATA[ *\/\n\/*! This file is auto-generated *\/\n!function(d,l){\"use strict\";l.querySelector&&d.addEventListener&&\"undefined\"!=typeof URL&&(d.wp=d.wp||{},d.wp.receiveEmbedMessage||(d.wp.receiveEmbedMessage=function(e){var t=e.data;if((t||t.secret||t.message||t.value)&&!\/[^a-zA-Z0-9]\/.test(t.secret)){for(var s,r,n,a=l.querySelectorAll('iframe[data-secret=\"'+t.secret+'\"]'),o=l.querySelectorAll('blockquote[data-secret=\"'+t.secret+'\"]'),c=new RegExp(\"^https?:$\",\"i\"),i=0;i<o.length;i++)o[i].style.display=\"none\";for(i=0;i<a.length;i++)s=a[i],e.source===s.contentWindow&&(s.removeAttribute(\"style\"),\"height\"===t.message?(1e3<(r=parseInt(t.value,10))?r=1e3:~~r<200&&(r=200),s.height=r):\"link\"===t.message&&(r=new URL(s.getAttribute(\"src\")),n=new URL(t.value),c.test(n.protocol))&&n.host===r.host&&l.activeElement===s&&(d.top.location.href=t.value))}},d.addEventListener(\"message\",d.wp.receiveEmbedMessage,!1),l.addEventListener(\"DOMContentLoaded\",function(){for(var e,t,s=l.querySelectorAll(\"iframe.wp-embedded-content\"),r=0;r<s.length;r++)(t=(e=s[r]).getAttribute(\"data-secret\"))||(t=Math.random().toString(36).substring(2,12),e.src+=\"#?secret=\"+t,e.setAttribute(\"data-secret\",t)),e.contentWindow.postMessage({message:\"ready\",secret:t},\"*\")},!1)))}(window,document);\n\/\/# sourceURL=https:\/\/www.carlosyconchita.net\/rutas\/wp-includes\/js\/wp-embed.min.js\n\/* ]]> *\/\n<\/script>\n","thumbnail_url":"https:\/\/www.carlosyconchita.net\/rutas\/wp-content\/uploads\/2024\/01\/Mallorca-22-00072.jpg","thumbnail_width":1019,"thumbnail_height":764,"description":"&nbsp; 22-02-2023-Valldemosa, Torre Veger y visitas Palma 23-02-2023-Puig del Aguila y Calas Estermer y Castell 23-02-2023-Cala Barqu\u00e9s y Formentor 24-02-2023-Yacimiento arqueol\u00f3gico Capocorb Vell y Lluchmajor 24-02-2023- Cala Llombards a Cal\u00f3 de n\u2019Adrover 24-02-2023-Cal\u00f3 des Moros 25-02-2023-Cuevas del Drach 25-02-2023-Cala Rom\u00e1ntica a Cala Vargues 26-02-2023-Monasterio La Trapa, mirador Josep Sastre (isla Dragonera) y Puig Ses Basses [&hellip;]"}

28-02-2023-Mallorca : página principal -

<blockquote class="wp-embedded-content" data-secret="Fgx5Oqw0VV"><a href="https://www.carlosyconchita.net/rutas/28-02-2023-mallorca-pagina-principal/">28-02-2023-Mallorca : página principal</a></blockquote><iframe sandbox="allow-scripts" security="restricted" src="https://www.carlosyconchita.net/rutas/28-02-2023-mallorca-pagina-principal/embed/#?secret=Fgx5Oqw0VV" width="600" height="338" title="«28-02-2023-Mallorca : página principal» — Las rutas de Carlos y Conchita" data-secret="Fgx5Oqw0VV" frameborder="0" marginwidth="0" marginheight="0" scrolling="no" class="wp-embedded-content"></iframe><script type="text/javascript">
/* <![CDATA[ */
/*! This file is auto-generated */
!function(d,l){"use strict";l.querySelector&&d.addEventListener&&"undefined"!=typeof URL&&(d.wp=d.wp||{},d.wp.receiveEmbedMessage||(d.wp.receiveEmbedMessage=function(e){var t=e.data;if((t||t.secret||t.message||t.value)&&!/[^a-zA-Z0-9]/.test(t.secret)){for(var s,r,n,a=l.querySelectorAll('iframe[data-secret="'+t.secret+'"]'),o=l.querySelectorAll('blockquote[data-secret="'+t.secret+'"]'),c=new RegExp("^https?:$","i"),i=0;i<o.length;i++)o[i].style.display="none";for(i=0;i<a.length;i++)s=a[i],e.source===s.contentWindow&&(s.removeAttribute("style"),"height"===t.message?(1e3<(r=parseInt(t.value,10))?r=1e3:~~r<200&&(r=200),s.height=r):"link"===t.message&&(r=new URL(s.getAttribute("src")),n=new URL(t.value),c.test(n.protocol))&&n.host===r.host&&l.activeElement===s&&(d.top.location.href=t.value))}},d.addEventListener("message",d.wp.receiveEmbedMessage,!1),l.addEventListener("DOMContentLoaded",function(){for(var e,t,s=l.querySelectorAll("iframe.wp-embedded-content"),r=0;r<s.length;r++)(t=(e=s[r]).getAttribute("data-secret"))||(t=Math.random().toString(36).substring(2,12),e.src+="#?secret="+t,e.setAttribute("data-secret",t)),e.contentWindow.postMessage({message:"ready",secret:t},"*")},!1)))}(window,document);
//# sourceURL=https://www.carlosyconchita.net/rutas/wp-includes/js/wp-embed.min.js
/* ]]> */
</script>

&nbsp; 22-02-2023-Valldemosa, Torre Veger y visitas Palma 23-02-2023-Puig del Aguila y Calas Estermer y Castell 23-02-2023-Cala Barqués y Formentor 24-02-2023-Yacimiento arqueológico Capocorb Vell y Lluchmajor 24-02-2023- Cala Llombards a Caló de n’Adrover 24-02-2023-Caló des Moros 25-02-2023-Cuevas del Drach 25-02-2023-Cala Romántica a Cala Vargues 26-02-2023-Monasterio La Trapa, mirador Josep Sastre (isla Dragonera) y Puig Ses Basses [&hellip;]
