{"id":16679,"date":"2021-09-14T20:43:48","date_gmt":"2021-09-14T19:43:48","guid":{"rendered":"https:\/\/www.carlosyconchita.net\/rutas\/?page_id=16679"},"modified":"2026-03-17T16:18:30","modified_gmt":"2026-03-17T15:18:30","slug":"bornas-llivia-indice","status":"publish","type":"page","link":"https:\/\/www.carlosyconchita.net\/rutas\/bornas-llivia-indice\/","title":{"rendered":"Bornas Ll\u00edvia Indice &#8211; 1"},"content":{"rendered":"<div class=\"sya_container\" id=\"sya_container\"><p class=\"sya_yearslist\" id=\"sya_yearslist\"><a href=\"#year2019\">2019<\/a> &bull; <a href=\"#year2017\">2017<\/a> &bull; <a href=\"#year2016\">2016<\/a><\/p> <a id=\"year2019\"><\/a>2019 <span class=\"sya_yearcount\"><span class=\"sya_bracket\">(<\/span>1<span class=\"sya_bracket\">)<\/span><\/span> <ul><li class=\"\"><div class=\"sya_postcontent\"><span class=\"sya_date\">  <span class=\"sya_sep\"> <\/span><\/span><a href=\"https:\/\/www.carlosyconchita.net\/rutas\/12-10-2019-bornas-llivia-16-21-bis\/\" class=\"sya_postlink post-13411\" rel=\"bookmark\">12-10-2019-Bornas Ll\u00edvia (16-21 bis)<\/a> <span class=\"sya_categories\"><span class=\"sya_bracket\">(<\/span>0-Muy f\u00e1cil, 1 - Hasta 5 km., Mojones \/ Bornas frontera Ll\u00edvia<span class=\"sya_bracket\">)<\/span><\/span><div style=\"padding-left:100px\" class=\"robots-nocontent\"><cite>Hace tiempo ya hab\u00edamos visto estas bornas o mojones de Ll\u00edvia, pero en su d\u00eda no nos dimos cuenta de que las que tienen los n\u00fameros 17 al 20 estaban \u00abduplicadas\u00bb, es decir que hay una en el lado espa\u00f1ol de la frontera y otra en el lado franc\u00e9s. Est\u00e1n situadas a los lados de [&hellip;]<\/cite><\/div><\/div><\/li><\/ul> <a id=\"year2017\"><\/a>2017 <span class=\"sya_yearcount\"><span class=\"sya_bracket\">(<\/span>6<span class=\"sya_bracket\">)<\/span><\/span> <ul><li class=\"\"><div class=\"sya_postcontent\"><span class=\"sya_date\">  <span class=\"sya_sep\"> <\/span><\/span><a href=\"https:\/\/www.carlosyconchita.net\/rutas\/16-12-2017-llivia-ya-independiente\/\" class=\"sya_postlink post-10972\" rel=\"bookmark\">16-12-2017-Ll\u00edvia ya es independiente ?<\/a> <span class=\"sya_categories\"><span class=\"sya_bracket\">(<\/span>Mojones \/ Bornas frontera Ll\u00edvia<span class=\"sya_bracket\">)<\/span><\/span><div style=\"padding-left:100px\" class=\"robots-nocontent\"><cite>Curioso art\u00edculo publicado en El Mundo sobre Ll\u00edvia, enlace enviado por un seguidor de nuestra web, Francesc Soler. Gracias! Observaci\u00f3n a El Mundo : eso de que las 45 piedras o mojones fronterizos s\u00f3lo los puede encontrar un cart\u00f3grafo ????? Nosotros las tenemos todas aqu\u00ed :\u00a0\u00a0 https:\/\/www.carlosyconchita.net\/rutas\/fotos-bornas-llivia-1-22\/ https:\/\/www.carlosyconchita.net\/rutas\/fotos-bornas-llivia-23-45\/ &nbsp; &nbsp; Enlace al art\u00edculo publicado por [&hellip;]<\/cite><\/div><\/div><\/li><li class=\"\"><div class=\"sya_postcontent\"><span class=\"sya_date\">  <span class=\"sya_sep\"> <\/span><\/span><a href=\"https:\/\/www.carlosyconchita.net\/rutas\/05-08-2017-bornas-llivia\/\" class=\"sya_postlink post-10631\" rel=\"bookmark\">05-08-2017-Bornas Ll\u00edvia (27+30, 22-24)<\/a> <span class=\"sya_categories\"><span class=\"sya_bracket\">(<\/span>1-F\u00e1cil, 2 - De 5 a 10 km., Mojones \/ Bornas frontera Ll\u00edvia<span class=\"sya_bracket\">)<\/span><\/span><div style=\"padding-left:100px\" class=\"robots-nocontent\"><cite>Hoy hemos tenido la ocasi\u00f3n de vernos con el amigo Eef Beerns, el \u00abholand\u00e9s de las bornas\u00bb, (ver enlace ) que aprovechando un nuevo viaje por los Pirineos, nos ha visitado en Saillagossa. Hemos abusado un poco de \u00e9l, y as\u00ed nos ha ayudado a localizar las bornas de Ll\u00edvia 30 y 27 que no [&hellip;]<\/cite><\/div><\/div><\/li><li class=\"\"><div class=\"sya_postcontent\"><span class=\"sya_date\">  <span class=\"sya_sep\"> <\/span><\/span><a href=\"https:\/\/www.carlosyconchita.net\/rutas\/14-05-2017-bornas-llivia-42-39\/\" class=\"sya_postlink post-10236\" rel=\"bookmark\">14-05-2017-Bornas Ll\u00edvia (42 a 39)<\/a> <span class=\"sya_categories\"><span class=\"sya_bracket\">(<\/span>0-Muy f\u00e1cil, 1 - Hasta 5 km., Mojones \/ Bornas frontera Ll\u00edvia<span class=\"sya_bracket\">)<\/span><\/span><div style=\"padding-left:100px\" class=\"robots-nocontent\"><cite>Nos dirigimos a Villeneuve des Escaldes desde Ur y una vez all\u00ed, a la entrada del pueblo vemos un desv\u00edo que sale por nuestra derecha (ver track al final ),\u00a0 que pasa por una granja y despu\u00e9s contin\u00faa entre los campos. Album de fotos Aparcamos en un cruce, en donde seg\u00fan vemos en el mapa, [&hellip;]<\/cite><\/div><\/div><\/li><li class=\"\"><div class=\"sya_postcontent\"><span class=\"sya_date\">  <span class=\"sya_sep\"> <\/span><\/span><a href=\"https:\/\/www.carlosyconchita.net\/rutas\/14-05-2017-bornas-llivia-45-43\/\" class=\"sya_postlink post-10229\" rel=\"bookmark\">14-05-2017-Bornas de Ll\u00edvia (45 a 39)<\/a> <span class=\"sya_categories\"><span class=\"sya_bracket\">(<\/span>0-Muy f\u00e1cil, 1 - Hasta 5 km., Mojones \/ Bornas frontera Ll\u00edvia<span class=\"sya_bracket\">)<\/span><\/span><div style=\"padding-left:100px\" class=\"robots-nocontent\"><cite>Hoy buscaremos algunas de las pocas bornas de Ll\u00edvia que nos quedan para \u00abcerrar el c\u00edrculo\u00bb en el mapa, concretamente las que van desde el n\u00famero 39 al 45, que hemos dividido en 2 peque\u00f1as caminatas por culpa de la lluvia. Album de fotos Para ello nos dirigiremos desde Saillagossa a Puigcerd\u00e1 por la N-116, [&hellip;]<\/cite><\/div><\/div><\/li><li class=\"\"><div class=\"sya_postcontent\"><span class=\"sya_date\">  <span class=\"sya_sep\"> <\/span><\/span><a href=\"https:\/\/www.carlosyconchita.net\/rutas\/29-04-2017-bornas-llivia-13-8\/\" class=\"sya_postlink post-10152\" rel=\"bookmark\">29-04-2017 &#8211; Bornas de Ll\u00edvia (13 a 8)<\/a> <span class=\"sya_categories\"><span class=\"sya_bracket\">(<\/span>0-Muy f\u00e1cil, 2 - De 5 a 10 km., Mojones \/ Bornas frontera Ll\u00edvia<span class=\"sya_bracket\">)<\/span><\/span><div style=\"padding-left:100px\" class=\"robots-nocontent\"><cite>Aprovechando que todav\u00eda no hay mucha vegetaci\u00f3n en los campos, empezamos nuestra temporada de \u00abbornas\u00bb, \u00abfitas\u00bb o mojones fronterizos para buscar en primer lugar la n\u00famero 13 de Ll\u00edvia , que el pasado a\u00f1o en verano no pudimos localizar, debido a la espesa vegetaci\u00f3n que hab\u00eda en la zona. Despu\u00e9s de \u00e9sta, iremos localizando las [&hellip;]<\/cite><\/div><\/div><\/li><li class=\"\"><div class=\"sya_postcontent\"><span class=\"sya_date\">  <span class=\"sya_sep\"> <\/span><\/span><a href=\"https:\/\/www.carlosyconchita.net\/rutas\/29-04-2017-bornas-llivia-7-2\/\" class=\"sya_postlink post-10161\" rel=\"bookmark\">29-04-2017- Bornas Ll\u00edvia (7 a 2)<\/a> <span class=\"sya_categories\"><span class=\"sya_bracket\">(<\/span>0-Muy f\u00e1cil, 2 - De 5 a 10 km., Mojones \/ Bornas frontera Ll\u00edvia<span class=\"sya_bracket\">)<\/span><\/span><div style=\"padding-left:100px\" class=\"robots-nocontent\"><cite>Como dec\u00edamos en la otra excursi\u00f3n\u00a0 de esta ma\u00f1ana\u00a0 ( ver\u00a0\u00a0 29-04-2017 \u2013 Bornas de Ll\u00edvia (13 a 8) ), para evitar que se nos haga muy tarde si se complica la b\u00fasqueda de bornas de Ll\u00edvia, y estemos demasiado lejos del coche para volver, hacemos la segunda parte de la b\u00fasqueda desde el peque\u00f1o [&hellip;]<\/cite><\/div><\/div><\/li><\/ul> <a id=\"year2016\"><\/a>2016 <span class=\"sya_yearcount\"><span class=\"sya_bracket\">(<\/span>4<span class=\"sya_bracket\">)<\/span><\/span> <ul><li class=\"\"><div class=\"sya_postcontent\"><span class=\"sya_date\">  <span class=\"sya_sep\"> <\/span><\/span><a href=\"https:\/\/www.carlosyconchita.net\/rutas\/04-12-2016-bornas-llivia-25-29\/\" class=\"sya_postlink post-9816\" rel=\"bookmark\">04-12-2016 &#8211; Bornas Llivia (25-29)<\/a> <span class=\"sya_categories\"><span class=\"sya_bracket\">(<\/span>0-Muy f\u00e1cil, 1 - Hasta 5 km., Mojones \/ Bornas frontera Ll\u00edvia<span class=\"sya_bracket\">)<\/span><\/span><div style=\"padding-left:100px\" class=\"robots-nocontent\"><cite>Las previsiones para hoy son de mal tiempo y lluvia, as\u00ed que aprovechamos para hacer una excursi\u00f3n cerca, f\u00e1cil y sin subir a ninguna monta\u00f1a, para que en caso de lluvia podamos regresar m\u00e1s o menos f\u00e1cilmente. \u00a0 Dificultad :\u00a0\u00a0\u00a0 Muy f\u00e1cil Distancia total :\u00a0\u00a0 3.205 \u00a0 m. Alturas m\u00ednima \/ m\u00e1xima :\u00a0\u00a0\u00a0\u00a0 1.517 m.\u00a0 [&hellip;]<\/cite><\/div><\/div><\/li><li class=\"\"><div class=\"sya_postcontent\"><span class=\"sya_date\">  <span class=\"sya_sep\"> <\/span><\/span><a href=\"https:\/\/www.carlosyconchita.net\/rutas\/25-09-2016-bornas-lllivia-30-38\/\" class=\"sya_postlink post-9048\" rel=\"bookmark\">25-09-2016 &#8211; Bornas Lllivia 30-38<\/a> <span class=\"sya_categories\"><span class=\"sya_bracket\">(<\/span>1-F\u00e1cil, 2 - De 5 a 10 km., Mojones \/ Bornas frontera Ll\u00edvia<span class=\"sya_bracket\">)<\/span><\/span><div style=\"padding-left:100px\" class=\"robots-nocontent\"><cite>Dificultad :\u00a0\u00a0\u00a0 F\u00e1cil Distancia total :\u00a0\u00a0\u00a0 6.735 m Alturas m\u00ednima \/ m\u00e1xima :\u00a0\u00a0\u00a0\u00a0\u00a0 1.344 m. \/\u00a0\u00a0 1.532 m. Desnivel acumulado (s\/Wikiloc)\u00a0 :\u00a0\u00a0 203 m. Tiempo total \/ en movimiento :\u00a0\u00a0\u00a0\u00a0\u00a0\u00a0\u00a0 \u2013 Velocidad media total \/ velocidad media movimiento :\u00a0\u00a0 \u2013 \u00a0 En esta ocasi\u00f3n nos dirigimos desde Saillagosa a Angoustrine, y poco despu\u00e9s de salir [&hellip;]<\/cite><\/div><\/div><\/li><li class=\"\"><div class=\"sya_postcontent\"><span class=\"sya_date\">  <span class=\"sya_sep\"> <\/span><\/span><a href=\"https:\/\/www.carlosyconchita.net\/rutas\/24-09-2016-bornas-llivia-113-21\/\" class=\"sya_postlink post-9035\" rel=\"bookmark\">24-09-2016 &#8211; Bornas Llivia 1+13-21<\/a> <span class=\"sya_categories\"><span class=\"sya_bracket\">(<\/span>0-Muy f\u00e1cil, 2 - De 5 a 10 km., Mojones \/ Bornas frontera Ll\u00edvia<span class=\"sya_bracket\">)<\/span><\/span><div style=\"padding-left:100px\" class=\"robots-nocontent\"><cite>F\u00e1cil caminata para localizar las bornas o mojones que delimitan la zona de Llivia, en este caso los n\u00fameros 13 al 21, m\u00e1s el n\u00famero 1 que al volver a casa vimos por casualidad en la misma carretera. \u00a0 Dificultad :\u00a0\u00a0\u00a0 Muy f\u00e1cil Distancia total :\u00a0\u00a0\u00a0 6.341 m Alturas m\u00ednima \/ m\u00e1xima :\u00a0\u00a0\u00a0\u00a0\u00a0 1.203 m. [&hellip;]<\/cite><\/div><\/div><\/li><li class=\"\"><div class=\"sya_postcontent\"><span class=\"sya_date\">  <span class=\"sya_sep\"> <\/span><\/span><a href=\"https:\/\/www.carlosyconchita.net\/rutas\/mojones-bornas-llivia\/\" class=\"sya_postlink post-9088\" rel=\"bookmark\">Mojones (Bornas) de Ll\u00edvia<\/a> <span class=\"sya_categories\"><span class=\"sya_bracket\">(<\/span>Mojones \/ Bornas frontera Ll\u00edvia<span class=\"sya_bracket\">)<\/span><\/span><div style=\"padding-left:100px\" class=\"robots-nocontent\"><cite>1- Observaciones\u00a0 Nos referimos aqu\u00ed a las \u00abbornas\u00bb (palabra inventada por nosotros), \u00abbornes (en franc\u00e9s), \u00abfites\u00bb (en catal\u00e1n) o mojones (en espa\u00f1ol) que vamos localizando y que se\u00f1alan la frontera entre Espa\u00f1a-Francia. La frontera actual entre Espa\u00f1a y Francia se defini\u00f3 en el Tratado de los Pirineos de 1659\u00a0 en la Isla de los Faisanes, [&hellip;]<\/cite><\/div><\/div><\/li><\/ul><\/div>\n","protected":false},"excerpt":{"rendered":"","protected":false},"author":50,"featured_media":0,"parent":0,"menu_order":0,"comment_status":"closed","ping_status":"closed","template":"","meta":{"footnotes":""},"class_list":["post-16679","page","type-page","status-publish","hentry","post"],"yoast_head":"<!-- This site is optimized with the Yoast SEO plugin v27.4 - https:\/\/yoast.com\/product\/yoast-seo-wordpress\/ -->\n<title>Bornas Ll\u00edvia Indice - 1 - Las rutas de Carlos y Conchita<\/title>\n<meta name=\"robots\" content=\"index, follow, max-snippet:-1, max-image-preview:large, max-video-preview:-1\" \/>\n<link rel=\"canonical\" href=\"https:\/\/www.carlosyconchita.net\/rutas\/bornas-llivia-indice\/\" \/>\n<meta property=\"og:locale\" content=\"es_ES\" \/>\n<meta property=\"og:type\" content=\"article\" \/>\n<meta property=\"og:title\" content=\"Bornas Ll\u00edvia Indice - 1 - Las rutas de Carlos y Conchita\" \/>\n<meta property=\"og:url\" content=\"https:\/\/www.carlosyconchita.net\/rutas\/bornas-llivia-indice\/\" \/>\n<meta property=\"og:site_name\" content=\"Las rutas de Carlos y Conchita\" \/>\n<meta property=\"article:modified_time\" content=\"2026-03-17T15:18:30+00:00\" \/>\n<script type=\"application\/ld+json\" class=\"yoast-schema-graph\">{\"@context\":\"https:\\\/\\\/schema.org\",\"@graph\":[{\"@type\":\"WebPage\",\"@id\":\"https:\\\/\\\/www.carlosyconchita.net\\\/rutas\\\/bornas-llivia-indice\\\/\",\"url\":\"https:\\\/\\\/www.carlosyconchita.net\\\/rutas\\\/bornas-llivia-indice\\\/\",\"name\":\"Bornas Ll\u00edvia Indice - 1 - Las rutas de Carlos y Conchita\",\"isPartOf\":{\"@id\":\"https:\\\/\\\/www.carlosyconchita.net\\\/rutas\\\/#website\"},\"datePublished\":\"2021-09-14T19:43:48+00:00\",\"dateModified\":\"2026-03-17T15:18:30+00:00\",\"breadcrumb\":{\"@id\":\"https:\\\/\\\/www.carlosyconchita.net\\\/rutas\\\/bornas-llivia-indice\\\/#breadcrumb\"},\"inLanguage\":\"es\",\"potentialAction\":[{\"@type\":\"ReadAction\",\"target\":[\"https:\\\/\\\/www.carlosyconchita.net\\\/rutas\\\/bornas-llivia-indice\\\/\"]}]},{\"@type\":\"BreadcrumbList\",\"@id\":\"https:\\\/\\\/www.carlosyconchita.net\\\/rutas\\\/bornas-llivia-indice\\\/#breadcrumb\",\"itemListElement\":[{\"@type\":\"ListItem\",\"position\":1,\"name\":\"Portada\",\"item\":\"https:\\\/\\\/www.carlosyconchita.net\\\/rutas\\\/\"},{\"@type\":\"ListItem\",\"position\":2,\"name\":\"Bornas Ll\u00edvia Indice &#8211; 1\"}]},{\"@type\":\"WebSite\",\"@id\":\"https:\\\/\\\/www.carlosyconchita.net\\\/rutas\\\/#website\",\"url\":\"https:\\\/\\\/www.carlosyconchita.net\\\/rutas\\\/\",\"name\":\"Las rutas de Carlos y Conchita\",\"description\":\"\",\"potentialAction\":[{\"@type\":\"SearchAction\",\"target\":{\"@type\":\"EntryPoint\",\"urlTemplate\":\"https:\\\/\\\/www.carlosyconchita.net\\\/rutas\\\/?s={search_term_string}\"},\"query-input\":{\"@type\":\"PropertyValueSpecification\",\"valueRequired\":true,\"valueName\":\"search_term_string\"}}],\"inLanguage\":\"es\"}]}<\/script>\n<!-- \/ Yoast SEO plugin. -->","yoast_head_json":{"title":"Bornas Ll\u00edvia Indice - 1 - Las rutas de Carlos y Conchita","robots":{"index":"index","follow":"follow","max-snippet":"max-snippet:-1","max-image-preview":"max-image-preview:large","max-video-preview":"max-video-preview:-1"},"canonical":"https:\/\/www.carlosyconchita.net\/rutas\/bornas-llivia-indice\/","og_locale":"es_ES","og_type":"article","og_title":"Bornas Ll\u00edvia Indice - 1 - Las rutas de Carlos y Conchita","og_url":"https:\/\/www.carlosyconchita.net\/rutas\/bornas-llivia-indice\/","og_site_name":"Las rutas de Carlos y Conchita","article_modified_time":"2026-03-17T15:18:30+00:00","schema":{"@context":"https:\/\/schema.org","@graph":[{"@type":"WebPage","@id":"https:\/\/www.carlosyconchita.net\/rutas\/bornas-llivia-indice\/","url":"https:\/\/www.carlosyconchita.net\/rutas\/bornas-llivia-indice\/","name":"Bornas Ll\u00edvia Indice - 1 - Las rutas de Carlos y Conchita","isPartOf":{"@id":"https:\/\/www.carlosyconchita.net\/rutas\/#website"},"datePublished":"2021-09-14T19:43:48+00:00","dateModified":"2026-03-17T15:18:30+00:00","breadcrumb":{"@id":"https:\/\/www.carlosyconchita.net\/rutas\/bornas-llivia-indice\/#breadcrumb"},"inLanguage":"es","potentialAction":[{"@type":"ReadAction","target":["https:\/\/www.carlosyconchita.net\/rutas\/bornas-llivia-indice\/"]}]},{"@type":"BreadcrumbList","@id":"https:\/\/www.carlosyconchita.net\/rutas\/bornas-llivia-indice\/#breadcrumb","itemListElement":[{"@type":"ListItem","position":1,"name":"Portada","item":"https:\/\/www.carlosyconchita.net\/rutas\/"},{"@type":"ListItem","position":2,"name":"Bornas Ll\u00edvia Indice &#8211; 1"}]},{"@type":"WebSite","@id":"https:\/\/www.carlosyconchita.net\/rutas\/#website","url":"https:\/\/www.carlosyconchita.net\/rutas\/","name":"Las rutas de Carlos y Conchita","description":"","potentialAction":[{"@type":"SearchAction","target":{"@type":"EntryPoint","urlTemplate":"https:\/\/www.carlosyconchita.net\/rutas\/?s={search_term_string}"},"query-input":{"@type":"PropertyValueSpecification","valueRequired":true,"valueName":"search_term_string"}}],"inLanguage":"es"}]}},"_links":{"self":[{"href":"https:\/\/www.carlosyconchita.net\/rutas\/wp-json\/wp\/v2\/pages\/16679","targetHints":{"allow":["GET"]}}],"collection":[{"href":"https:\/\/www.carlosyconchita.net\/rutas\/wp-json\/wp\/v2\/pages"}],"about":[{"href":"https:\/\/www.carlosyconchita.net\/rutas\/wp-json\/wp\/v2\/types\/page"}],"author":[{"embeddable":true,"href":"https:\/\/www.carlosyconchita.net\/rutas\/wp-json\/wp\/v2\/users\/50"}],"replies":[{"embeddable":true,"href":"https:\/\/www.carlosyconchita.net\/rutas\/wp-json\/wp\/v2\/comments?post=16679"}],"version-history":[{"count":1,"href":"https:\/\/www.carlosyconchita.net\/rutas\/wp-json\/wp\/v2\/pages\/16679\/revisions"}],"predecessor-version":[{"id":21774,"href":"https:\/\/www.carlosyconchita.net\/rutas\/wp-json\/wp\/v2\/pages\/16679\/revisions\/21774"}],"wp:attachment":[{"href":"https:\/\/www.carlosyconchita.net\/rutas\/wp-json\/wp\/v2\/media?parent=16679"}],"curies":[{"name":"wp","href":"https:\/\/api.w.org\/{rel}","templated":true}]}}