{"id":21758,"date":"2021-09-14T20:43:48","date_gmt":"2021-09-14T19:43:48","guid":{"rendered":"https:\/\/www.carlosyconchita.net\/rutas\/?page_id=21758"},"modified":"2026-03-17T16:18:16","modified_gmt":"2026-03-17T15:18:16","slug":"bornas-llivia-indice-2-tour","status":"publish","type":"page","link":"https:\/\/www.carlosyconchita.net\/rutas\/bornas-llivia-indice-2-tour\/","title":{"rendered":"Bornas Ll\u00edvia Indice &#8211; 2"},"content":{"rendered":"<div class=\"sya_container\" id=\"sya_container\"><p class=\"sya_yearslist\" id=\"sya_yearslist\"><a href=\"#year2026\">2026<\/a> &bull; <a href=\"#year2025\">2025<\/a><\/p> <a id=\"year2026\"><\/a>2026 <span class=\"sya_yearcount\"><span class=\"sya_bracket\">(<\/span>2<span class=\"sya_bracket\">)<\/span><\/span> <ul><li class=\"\"><div class=\"sya_postcontent\"><span class=\"sya_date\">  <span class=\"sya_sep\"> <\/span><\/span><a href=\"https:\/\/www.carlosyconchita.net\/rutas\/15-03-2026-bornas-llivia-13-17\/\" class=\"sya_postlink post-21783\" rel=\"bookmark\">15-03-2026-Bornas Ll\u00edvia 13-17<\/a> <span class=\"sya_categories\"><span class=\"sya_bracket\">(<\/span>1-F\u00e1cil, Mojones \/ Bornas frontera Ll\u00edvia (2\u00ba tour)<span class=\"sya_bracket\">)<\/span><\/span><div style=\"padding-left:100px\" class=\"robots-nocontent\"><cite>Hoy hemos hecho una nueva caminata para repetir las bornas de Ll\u00edvia desde el n\u00famero 13 al 17, con nieve y con un d\u00eda muy soleado, pero con mucho viento en buena parte del recorrido. Como se puede ver en las fotos, esta noche ha nevado un poco, aunque la temperatura no ha sido muy [&hellip;]<\/cite><\/div><\/div><\/li><li class=\"\"><div class=\"sya_postcontent\"><span class=\"sya_date\">  <span class=\"sya_sep\"> <\/span><\/span><a href=\"https:\/\/www.carlosyconchita.net\/rutas\/30-01-2026-bornas-llivia-02-a-07\/\" class=\"sya_postlink post-21625\" rel=\"bookmark\">30-01-2026-Bornas Ll\u00edvia 02 a 07<\/a> <span class=\"sya_categories\"><span class=\"sya_bracket\">(<\/span>1-F\u00e1cil, 2 - De 5 a 10 km., Mojones \/ Bornas frontera Ll\u00edvia (2\u00ba tour)<span class=\"sya_bracket\">)<\/span><\/span><div style=\"padding-left:100px\" class=\"robots-nocontent\"><cite>Como que hac\u00eda mucho tiempo que no hab\u00edamos \u00abrevisado\u00bb las bornas de Ll\u00edvia, hoy damos un repaso a las bornas n\u00fameros 02 al 07, en terreno muy plano, aunque con nieve. Como que suponemos que en ese terreno llano y de baja altura no habr\u00eda suficiente nieve para ir con raquetas, nos arriesgamos a ir [&hellip;]<\/cite><\/div><\/div><\/li><\/ul> <a id=\"year2025\"><\/a>2025 <span class=\"sya_yearcount\"><span class=\"sya_bracket\">(<\/span>1<span class=\"sya_bracket\">)<\/span><\/span> <ul><li class=\"\"><div class=\"sya_postcontent\"><span class=\"sya_date\">  <span class=\"sya_sep\"> <\/span><\/span><a href=\"https:\/\/www.carlosyconchita.net\/rutas\/27-05-2025-bornas-llivia-de-la-31-a-la-44\/\" class=\"sya_postlink post-21325\" rel=\"bookmark\">27-05-2025-Bornas Ll\u00edvia de la 31 a la 44 con Eef y Anjo<\/a> <span class=\"sya_categories\"><span class=\"sya_bracket\">(<\/span>0-Muy f\u00e1cil, 2 - De 5 a 10 km., Mojones \/ Bornas frontera Ll\u00edvia (2\u00ba tour)<span class=\"sya_bracket\">)<\/span><\/span><div style=\"padding-left:100px\" class=\"robots-nocontent\"><cite>Hoy vamos a ense\u00f1ar a Anjo un poco el \u00abtrabajo\u00bb que hemos hecho estos a\u00f1os buscando las bornas o mojones fronterizos, tanto nosotros como Eef. Decimos \u00abun poco\u00bb\u00a0 porque Eef ha elegido una ruta f\u00e1cil y plana , pero con dificultades para localizar las bornas por estar tapadas de vegetaci\u00f3n, muy deterioradas ya que casi [&hellip;]<\/cite><\/div><\/div><\/li><\/ul><\/div>\n","protected":false},"excerpt":{"rendered":"","protected":false},"author":50,"featured_media":0,"parent":0,"menu_order":0,"comment_status":"closed","ping_status":"closed","template":"","meta":{"footnotes":""},"class_list":["post-21758","page","type-page","status-publish","hentry","post"],"yoast_head":"<!-- This site is optimized with the Yoast SEO plugin v27.4 - https:\/\/yoast.com\/product\/yoast-seo-wordpress\/ -->\n<title>Bornas Ll\u00edvia Indice - 2 - Las rutas de Carlos y Conchita<\/title>\n<meta name=\"robots\" content=\"index, follow, max-snippet:-1, max-image-preview:large, max-video-preview:-1\" \/>\n<link rel=\"canonical\" href=\"https:\/\/www.carlosyconchita.net\/rutas\/bornas-llivia-indice-2-tour\/\" \/>\n<meta property=\"og:locale\" content=\"es_ES\" \/>\n<meta property=\"og:type\" content=\"article\" \/>\n<meta property=\"og:title\" content=\"Bornas Ll\u00edvia Indice - 2 - Las rutas de Carlos y Conchita\" \/>\n<meta property=\"og:url\" content=\"https:\/\/www.carlosyconchita.net\/rutas\/bornas-llivia-indice-2-tour\/\" \/>\n<meta property=\"og:site_name\" content=\"Las rutas de Carlos y Conchita\" \/>\n<meta property=\"article:modified_time\" content=\"2026-03-17T15:18:16+00:00\" \/>\n<meta name=\"twitter:label1\" content=\"Tiempo de lectura\" \/>\n\t<meta name=\"twitter:data1\" content=\"1 minuto\" \/>\n<script type=\"application\/ld+json\" class=\"yoast-schema-graph\">{\"@context\":\"https:\\\/\\\/schema.org\",\"@graph\":[{\"@type\":\"WebPage\",\"@id\":\"https:\\\/\\\/www.carlosyconchita.net\\\/rutas\\\/bornas-llivia-indice-2-tour\\\/\",\"url\":\"https:\\\/\\\/www.carlosyconchita.net\\\/rutas\\\/bornas-llivia-indice-2-tour\\\/\",\"name\":\"Bornas Ll\u00edvia Indice - 2 - Las rutas de Carlos y Conchita\",\"isPartOf\":{\"@id\":\"https:\\\/\\\/www.carlosyconchita.net\\\/rutas\\\/#website\"},\"datePublished\":\"2021-09-14T19:43:48+00:00\",\"dateModified\":\"2026-03-17T15:18:16+00:00\",\"breadcrumb\":{\"@id\":\"https:\\\/\\\/www.carlosyconchita.net\\\/rutas\\\/bornas-llivia-indice-2-tour\\\/#breadcrumb\"},\"inLanguage\":\"es\",\"potentialAction\":[{\"@type\":\"ReadAction\",\"target\":[\"https:\\\/\\\/www.carlosyconchita.net\\\/rutas\\\/bornas-llivia-indice-2-tour\\\/\"]}]},{\"@type\":\"BreadcrumbList\",\"@id\":\"https:\\\/\\\/www.carlosyconchita.net\\\/rutas\\\/bornas-llivia-indice-2-tour\\\/#breadcrumb\",\"itemListElement\":[{\"@type\":\"ListItem\",\"position\":1,\"name\":\"Portada\",\"item\":\"https:\\\/\\\/www.carlosyconchita.net\\\/rutas\\\/\"},{\"@type\":\"ListItem\",\"position\":2,\"name\":\"Bornas Ll\u00edvia Indice &#8211; 2\"}]},{\"@type\":\"WebSite\",\"@id\":\"https:\\\/\\\/www.carlosyconchita.net\\\/rutas\\\/#website\",\"url\":\"https:\\\/\\\/www.carlosyconchita.net\\\/rutas\\\/\",\"name\":\"Las rutas de Carlos y Conchita\",\"description\":\"\",\"potentialAction\":[{\"@type\":\"SearchAction\",\"target\":{\"@type\":\"EntryPoint\",\"urlTemplate\":\"https:\\\/\\\/www.carlosyconchita.net\\\/rutas\\\/?s={search_term_string}\"},\"query-input\":{\"@type\":\"PropertyValueSpecification\",\"valueRequired\":true,\"valueName\":\"search_term_string\"}}],\"inLanguage\":\"es\"}]}<\/script>\n<!-- \/ Yoast SEO plugin. -->","yoast_head_json":{"title":"Bornas Ll\u00edvia Indice - 2 - Las rutas de Carlos y Conchita","robots":{"index":"index","follow":"follow","max-snippet":"max-snippet:-1","max-image-preview":"max-image-preview:large","max-video-preview":"max-video-preview:-1"},"canonical":"https:\/\/www.carlosyconchita.net\/rutas\/bornas-llivia-indice-2-tour\/","og_locale":"es_ES","og_type":"article","og_title":"Bornas Ll\u00edvia Indice - 2 - Las rutas de Carlos y Conchita","og_url":"https:\/\/www.carlosyconchita.net\/rutas\/bornas-llivia-indice-2-tour\/","og_site_name":"Las rutas de Carlos y Conchita","article_modified_time":"2026-03-17T15:18:16+00:00","twitter_misc":{"Tiempo de lectura":"1 minuto"},"schema":{"@context":"https:\/\/schema.org","@graph":[{"@type":"WebPage","@id":"https:\/\/www.carlosyconchita.net\/rutas\/bornas-llivia-indice-2-tour\/","url":"https:\/\/www.carlosyconchita.net\/rutas\/bornas-llivia-indice-2-tour\/","name":"Bornas Ll\u00edvia Indice - 2 - Las rutas de Carlos y Conchita","isPartOf":{"@id":"https:\/\/www.carlosyconchita.net\/rutas\/#website"},"datePublished":"2021-09-14T19:43:48+00:00","dateModified":"2026-03-17T15:18:16+00:00","breadcrumb":{"@id":"https:\/\/www.carlosyconchita.net\/rutas\/bornas-llivia-indice-2-tour\/#breadcrumb"},"inLanguage":"es","potentialAction":[{"@type":"ReadAction","target":["https:\/\/www.carlosyconchita.net\/rutas\/bornas-llivia-indice-2-tour\/"]}]},{"@type":"BreadcrumbList","@id":"https:\/\/www.carlosyconchita.net\/rutas\/bornas-llivia-indice-2-tour\/#breadcrumb","itemListElement":[{"@type":"ListItem","position":1,"name":"Portada","item":"https:\/\/www.carlosyconchita.net\/rutas\/"},{"@type":"ListItem","position":2,"name":"Bornas Ll\u00edvia Indice &#8211; 2"}]},{"@type":"WebSite","@id":"https:\/\/www.carlosyconchita.net\/rutas\/#website","url":"https:\/\/www.carlosyconchita.net\/rutas\/","name":"Las rutas de Carlos y Conchita","description":"","potentialAction":[{"@type":"SearchAction","target":{"@type":"EntryPoint","urlTemplate":"https:\/\/www.carlosyconchita.net\/rutas\/?s={search_term_string}"},"query-input":{"@type":"PropertyValueSpecification","valueRequired":true,"valueName":"search_term_string"}}],"inLanguage":"es"}]}},"_links":{"self":[{"href":"https:\/\/www.carlosyconchita.net\/rutas\/wp-json\/wp\/v2\/pages\/21758","targetHints":{"allow":["GET"]}}],"collection":[{"href":"https:\/\/www.carlosyconchita.net\/rutas\/wp-json\/wp\/v2\/pages"}],"about":[{"href":"https:\/\/www.carlosyconchita.net\/rutas\/wp-json\/wp\/v2\/types\/page"}],"author":[{"embeddable":true,"href":"https:\/\/www.carlosyconchita.net\/rutas\/wp-json\/wp\/v2\/users\/50"}],"replies":[{"embeddable":true,"href":"https:\/\/www.carlosyconchita.net\/rutas\/wp-json\/wp\/v2\/comments?post=21758"}],"version-history":[{"count":3,"href":"https:\/\/www.carlosyconchita.net\/rutas\/wp-json\/wp\/v2\/pages\/21758\/revisions"}],"predecessor-version":[{"id":21773,"href":"https:\/\/www.carlosyconchita.net\/rutas\/wp-json\/wp\/v2\/pages\/21758\/revisions\/21773"}],"wp:attachment":[{"href":"https:\/\/www.carlosyconchita.net\/rutas\/wp-json\/wp\/v2\/media?parent=21758"}],"curies":[{"name":"wp","href":"https:\/\/api.w.org\/{rel}","templated":true}]}}