{"id":442,"date":"2012-09-24T17:34:59","date_gmt":"2012-09-24T15:34:59","guid":{"rendered":"http:\/\/www.carlosyconchita.net\/rutas\/?page_id=442"},"modified":"2016-02-24T17:02:26","modified_gmt":"2016-02-24T16:02:26","slug":"observaciones","status":"publish","type":"page","link":"https:\/\/www.carlosyconchita.net\/rutas\/observaciones\/","title":{"rendered":"Observaciones"},"content":{"rendered":"<p style=\"text-align: justify;\">\u00a0<\/p>\n<p style=\"text-align: justify;\"><strong>Tiempos :<\/strong> nosotros no somos ni pretendemos ser \u201cescaladores profesionales\u201d, aparte de que ya no somos jovencitos, y llevamos en esto solo unos 3 a\u00f1os, y no toda la vida, por lo que los tiempos indicados, que obtenemos del GPS, corresponden a una marcha normal y no a una carrera, con paradas para hacer fotos, mirar el paisaje, descansar, o comer o beber.<\/p>\n<p style=\"text-align: justify;\">Eso quiere decir que los tiempos que ponemos son muy reales, y para gente mas o menos normal, porque creemos que si publicas datos en una web , es para que la gente lo vea y pueda valorar si lo puede o no hacer y no para presumir de tu velocidad.<\/p>\n<p style=\"text-align: justify;\">Creemos que poner en una web o en Wikiloc , que una ruta de 18 km.,\u00a0 con un desnivel de 1.000 m. es f\u00e1cil, \u00a0es una tonteria, porque es enga\u00f1ar a la gente que lo pueda ver.<\/p>\n<p style=\"text-align: justify;\">Puede ser facil para el que lo ha hecho, si es un experto, pero hay que poner como es la ruta para la gente que lo vea, que puede ser experta o novata, lo contrario en nuestra opini\u00f3n es enga\u00f1ar.<\/p>\n<p style=\"text-align: justify;\"><strong>Rutas :<\/strong>\u00a0 debido a que tenemos un peque\u00f1o apartamento en la Cerdanya francesa, la mayoria de nuestras rutas estan por esa zona, por la facilidad de desplazamiento que representa, y todas las indicaciones parten de la poblaci\u00f3n de Saillagossa, poblaci\u00f3n francesa situada a 8 km., de Puigcerd\u00e1.<\/p>\n<p style=\"text-align: justify;\">Para las rutas\u00a0 que empiezan en un sitio muy concreto, por ejemplo en la Plaza de la iglesia de Formigueres, las indicaciones de c\u00f3mo llegar alli y empezar a caminar, las ponemos en la misma ruta, ya que est\u00e1 completamente claro.<\/p>\n<p style=\"text-align: justify;\">\u00a0Para los casos en que el punto de partida esta en un sitio algo complicado de llegar, o es base de partida para varias excursiones, ponemos una ruta aparte de acceso con el coche, con todos los detalles y track para llegar alli.<\/p>\n<p style=\"text-align: justify;\">Por ejemplo, la ruta <span style=\"text-decoration: underline;\">\u201cParking de la Restanque \u2013 Acceso coche<\/span>\u201d nos indica como llegar desde Saillagosa al citado punto , que en este caso est\u00e1 ya en la region de Ari\u00e9ge y no en la Cerdanya, y a unos\u00a0 50 km. de distancia, y que de momento es punto de partida de 2 de nuestras rutas : la de los \u00a0<span style=\"text-decoration: underline;\">\u201cLagos de Ballbona y Estagnet\u201d<\/span>\u00a0 y la del <span style=\"text-decoration: underline;\">\u201cLago de Rabassoles\u201d <\/span><\/p>\n<p style=\"text-align: justify;\">De esta forma no complicamos las explicaciones de una ruta en concreto, y la explicaci\u00f3n sirve para varias de ellas.<\/p>\n<p style=\"text-align: justify;\">Por otro lado, en las explicaciones de una ruta de acceso en coche, ponemos la lista y enlace a las excursiones que se inician alli,\u00a0 y en las excursiones ponemos la ruta de acceso correspondinente.<\/p>\n<p style=\"text-align: justify;\"><strong>Alturas :<\/strong>\u00a0 los datos que ponemos los obtenemos de la pagina de Wikiloc despu\u00e9s de colgar alli el track de la ruta y necesitan explicaci\u00f3n .<\/p>\n<p style=\"text-align: justify;\">Las alturas minima y m\u00e1xima no tienen problema, se refieren a punto mas bajo y al mas alto de la ruta y no necesitan demasiada explicaci\u00f3n.<\/p>\n<p style=\"text-align: justify;\">El desnivel se refiere a \u201cdesnivel acumulado\u201d , es decir que si en una excursi\u00f3n el punto mas bajo esta a 1.500 m. y el mas alto a 1.700 m. (diferencia solo 200 m.)\u00a0 pero si entre medio hemos subido y bajado 2 monta\u00f1as de 150 m., de ida y luego las mismas a la vuelta, el desnivel nos indicar\u00e1 600 m.\u00a0 (150+150 de ida y 150+150 de vuelta)<\/p>\n<p style=\"text-align: justify;\">Ver por\u00a0 ejemplo, la ruta\u00a0 \u201c26-08-2012 \u2013 Formigueres-Espousouille-Fontrabiouse\u201d<\/p>\n<p style=\"text-align: center;\"><span style=\"color: #3366ff;\"><strong>Desnivel : 695 m. \u00a0\u00a0\u00a0\u00a0\u00a0\u00a0\u00a0\u00a0\u00a0\u00a0\u00a0\u00a0\u00a0\u00a0 Alturas :\u00a0 1.473\/1.641 m.<\/strong><\/span><\/p>\n<p style=\"text-align: justify;\">La diferencia entre el punto mas bajo y el mas alto es de menos de 200 m., pero el desnivel acumulado es de 695 m. porque hemos subido y bajado 2 peque\u00f1as monta\u00f1as de unos 150 m. de altura a la ida, y otra vez a la vuelta.<\/p>\n<p style=\"text-align: justify;\"><strong>Exactitud mediciones :<\/strong><\/p>\n<p style=\"text-align: justify;\">Hay que tomar los datos que ponemos como aproximados, ya que realmente para una misma excursi\u00f3n, los datos pueden ser muy distintos, variando en ocasiones hasta un 10%.<\/p>\n<p style=\"text-align: justify;\">Si tomamos el recorrido total que nos indica nuestro GPS, nos puede decir\u00a0 9.2 km, cuando lo ponemos en el ordenador con el Map Source, nos dice 10.5 km,\u00a0 con el Base Map nos indica 10.8 km. y en Wikiloc 10.2 km., y en nuestra web, al final de la ruta el visor de tracks que usamos nos d\u00e1 otra medicion algo distinta.<\/p>\n<p style=\"text-align: justify;\">Por ello, y basandonos en las mediciones que se parecen m\u00e1s, publicamos los datos que nos indica nuestro visor de tracks del final de cada ruta, mientras que el desnivel acumulado lo cogemos de la pagina de Wikiloc, porque es el mas aproximado al real.<\/p>\n<p style=\"text-align: justify;\">Septiembre-2012<\/p>\n","protected":false},"excerpt":{"rendered":"<p>\u00a0 Tiempos : nosotros no somos ni pretendemos ser \u201cescaladores profesionales\u201d, aparte de que ya no somos jovencitos, y llevamos en esto solo unos 3 a\u00f1os, y no toda la vida, por lo que los tiempos indicados, que obtenemos del GPS, corresponden a una marcha normal y no a una carrera, con paradas para hacer [&hellip;]<\/p>\n","protected":false},"author":50,"featured_media":0,"parent":0,"menu_order":1,"comment_status":"open","ping_status":"open","template":"","meta":{"footnotes":""},"class_list":["post-442","page","type-page","status-publish","hentry","post"],"yoast_head":"<!-- This site is optimized with the Yoast SEO plugin v27.4 - https:\/\/yoast.com\/product\/yoast-seo-wordpress\/ -->\n<title>Observaciones - Las rutas de Carlos y Conchita<\/title>\n<meta name=\"robots\" content=\"index, follow, max-snippet:-1, max-image-preview:large, max-video-preview:-1\" \/>\n<link rel=\"canonical\" href=\"https:\/\/www.carlosyconchita.net\/rutas\/observaciones\/\" \/>\n<meta property=\"og:locale\" content=\"es_ES\" \/>\n<meta property=\"og:type\" content=\"article\" \/>\n<meta property=\"og:title\" content=\"Observaciones - Las rutas de Carlos y Conchita\" \/>\n<meta property=\"og:description\" content=\"\u00a0 Tiempos : nosotros no somos ni pretendemos ser \u201cescaladores profesionales\u201d, aparte de que ya no somos jovencitos, y llevamos en esto solo unos 3 a\u00f1os, y no toda la vida, por lo que los tiempos indicados, que obtenemos del GPS, corresponden a una marcha normal y no a una carrera, con paradas para hacer [&hellip;]\" \/>\n<meta property=\"og:url\" content=\"https:\/\/www.carlosyconchita.net\/rutas\/observaciones\/\" \/>\n<meta property=\"og:site_name\" content=\"Las rutas de Carlos y Conchita\" \/>\n<meta property=\"article:modified_time\" content=\"2016-02-24T16:02:26+00:00\" \/>\n<meta name=\"twitter:label1\" content=\"Tiempo de lectura\" \/>\n\t<meta name=\"twitter:data1\" content=\"4 minutos\" \/>\n<script type=\"application\/ld+json\" class=\"yoast-schema-graph\">{\"@context\":\"https:\\\/\\\/schema.org\",\"@graph\":[{\"@type\":\"WebPage\",\"@id\":\"https:\\\/\\\/www.carlosyconchita.net\\\/rutas\\\/observaciones\\\/\",\"url\":\"https:\\\/\\\/www.carlosyconchita.net\\\/rutas\\\/observaciones\\\/\",\"name\":\"Observaciones - Las rutas de Carlos y Conchita\",\"isPartOf\":{\"@id\":\"https:\\\/\\\/www.carlosyconchita.net\\\/rutas\\\/#website\"},\"datePublished\":\"2012-09-24T15:34:59+00:00\",\"dateModified\":\"2016-02-24T16:02:26+00:00\",\"breadcrumb\":{\"@id\":\"https:\\\/\\\/www.carlosyconchita.net\\\/rutas\\\/observaciones\\\/#breadcrumb\"},\"inLanguage\":\"es\",\"potentialAction\":[{\"@type\":\"ReadAction\",\"target\":[\"https:\\\/\\\/www.carlosyconchita.net\\\/rutas\\\/observaciones\\\/\"]}]},{\"@type\":\"BreadcrumbList\",\"@id\":\"https:\\\/\\\/www.carlosyconchita.net\\\/rutas\\\/observaciones\\\/#breadcrumb\",\"itemListElement\":[{\"@type\":\"ListItem\",\"position\":1,\"name\":\"Portada\",\"item\":\"https:\\\/\\\/www.carlosyconchita.net\\\/rutas\\\/\"},{\"@type\":\"ListItem\",\"position\":2,\"name\":\"Observaciones\"}]},{\"@type\":\"WebSite\",\"@id\":\"https:\\\/\\\/www.carlosyconchita.net\\\/rutas\\\/#website\",\"url\":\"https:\\\/\\\/www.carlosyconchita.net\\\/rutas\\\/\",\"name\":\"Las rutas de Carlos y Conchita\",\"description\":\"\",\"potentialAction\":[{\"@type\":\"SearchAction\",\"target\":{\"@type\":\"EntryPoint\",\"urlTemplate\":\"https:\\\/\\\/www.carlosyconchita.net\\\/rutas\\\/?s={search_term_string}\"},\"query-input\":{\"@type\":\"PropertyValueSpecification\",\"valueRequired\":true,\"valueName\":\"search_term_string\"}}],\"inLanguage\":\"es\"}]}<\/script>\n<!-- \/ Yoast SEO plugin. -->","yoast_head_json":{"title":"Observaciones - Las rutas de Carlos y Conchita","robots":{"index":"index","follow":"follow","max-snippet":"max-snippet:-1","max-image-preview":"max-image-preview:large","max-video-preview":"max-video-preview:-1"},"canonical":"https:\/\/www.carlosyconchita.net\/rutas\/observaciones\/","og_locale":"es_ES","og_type":"article","og_title":"Observaciones - Las rutas de Carlos y Conchita","og_description":"\u00a0 Tiempos : nosotros no somos ni pretendemos ser \u201cescaladores profesionales\u201d, aparte de que ya no somos jovencitos, y llevamos en esto solo unos 3 a\u00f1os, y no toda la vida, por lo que los tiempos indicados, que obtenemos del GPS, corresponden a una marcha normal y no a una carrera, con paradas para hacer [&hellip;]","og_url":"https:\/\/www.carlosyconchita.net\/rutas\/observaciones\/","og_site_name":"Las rutas de Carlos y Conchita","article_modified_time":"2016-02-24T16:02:26+00:00","twitter_misc":{"Tiempo de lectura":"4 minutos"},"schema":{"@context":"https:\/\/schema.org","@graph":[{"@type":"WebPage","@id":"https:\/\/www.carlosyconchita.net\/rutas\/observaciones\/","url":"https:\/\/www.carlosyconchita.net\/rutas\/observaciones\/","name":"Observaciones - Las rutas de Carlos y Conchita","isPartOf":{"@id":"https:\/\/www.carlosyconchita.net\/rutas\/#website"},"datePublished":"2012-09-24T15:34:59+00:00","dateModified":"2016-02-24T16:02:26+00:00","breadcrumb":{"@id":"https:\/\/www.carlosyconchita.net\/rutas\/observaciones\/#breadcrumb"},"inLanguage":"es","potentialAction":[{"@type":"ReadAction","target":["https:\/\/www.carlosyconchita.net\/rutas\/observaciones\/"]}]},{"@type":"BreadcrumbList","@id":"https:\/\/www.carlosyconchita.net\/rutas\/observaciones\/#breadcrumb","itemListElement":[{"@type":"ListItem","position":1,"name":"Portada","item":"https:\/\/www.carlosyconchita.net\/rutas\/"},{"@type":"ListItem","position":2,"name":"Observaciones"}]},{"@type":"WebSite","@id":"https:\/\/www.carlosyconchita.net\/rutas\/#website","url":"https:\/\/www.carlosyconchita.net\/rutas\/","name":"Las rutas de Carlos y Conchita","description":"","potentialAction":[{"@type":"SearchAction","target":{"@type":"EntryPoint","urlTemplate":"https:\/\/www.carlosyconchita.net\/rutas\/?s={search_term_string}"},"query-input":{"@type":"PropertyValueSpecification","valueRequired":true,"valueName":"search_term_string"}}],"inLanguage":"es"}]}},"_links":{"self":[{"href":"https:\/\/www.carlosyconchita.net\/rutas\/wp-json\/wp\/v2\/pages\/442","targetHints":{"allow":["GET"]}}],"collection":[{"href":"https:\/\/www.carlosyconchita.net\/rutas\/wp-json\/wp\/v2\/pages"}],"about":[{"href":"https:\/\/www.carlosyconchita.net\/rutas\/wp-json\/wp\/v2\/types\/page"}],"author":[{"embeddable":true,"href":"https:\/\/www.carlosyconchita.net\/rutas\/wp-json\/wp\/v2\/users\/50"}],"replies":[{"embeddable":true,"href":"https:\/\/www.carlosyconchita.net\/rutas\/wp-json\/wp\/v2\/comments?post=442"}],"version-history":[{"count":0,"href":"https:\/\/www.carlosyconchita.net\/rutas\/wp-json\/wp\/v2\/pages\/442\/revisions"}],"wp:attachment":[{"href":"https:\/\/www.carlosyconchita.net\/rutas\/wp-json\/wp\/v2\/media?parent=442"}],"curies":[{"name":"wp","href":"https:\/\/api.w.org\/{rel}","templated":true}]}}